7, what is -63 - 164?
-260
In base 9, what is -2015 + 1?
-2014
In base 15, what is 2 + -258?
-256
In base 2, what is -1000101 + -1010?
-1001111
In base 3, what is -10110111 - 10?
-10110121
In base 9, what is 3 + 53?
56
In base 9, what is 25 - -132?
157
In base 8, what is 70625 - 4?
70621
In base 16, what is 55 - -1?
56
In base 7, what is -264 + 445?
151
In base 14, what is 97 + -b4?
-1b
In base 12, what is a3 + 2?
a5
In base 12, what is -497 - 30?
-507
In base 13, what is 2a3 - 3?
2a0
In base 14, what is 36d - 5?
368
In base 6, what is -22 + -313?
-335
In base 11, what is -220 - 13?
-233
In base 11, what is aa - 1?
a9
In base 8, what is -3 - -2044?
2041
In base 7, what is 3 + 25?
31
In base 13, what is 204 - -1?
205
In base 15, what is -7 + -60?
-67
In base 8, what is 512 - 5?
505
In base 8, what is 12 + 17?
31
In base 12, what is -23a4 + 1?
-23a3
In base 7, what is -122 - -6?
-113
In base 5, what is -1 + -240?
-241
In base 16, what is -157 - -7?
-150
In base 10, what is 7 - -87?
94
In base 10, what is -1 - -1327?
1326
In base 12, what is 4815 + 0?
4815
In base 15, what is 9a + 3?
9d
In base 7, what is -10 - -2203?
2163
In base 16, what is -2 - 70?
-72
In base 12, what is 2 - a98?
-a96
In base 9, what is 5 + 4?
10
In base 3, what is -1012 - 12?
-1101
In base 15, what is -1c - 2?
-1e
In base 16, what is 1 - -2e?
2f
In base 10, what is 4 - -638?
642
In base 14, what is 543 + -5?
53c
In base 8, what is 3 - -177?
202
In base 16, what is -2111 - 4?
-2115
In base 5, what is -3 - -200?
142
In base 4, what is -2013 + -3?
-2022
In base 7, what is 123 - 234?
-111
In base 5, what is -3142 + -12?
-3204
In base 11, what is -7 - -5?
-2
In base 13, what is -24 - -14?
-10
In base 7, what is 3 - 1303?
-1300
In base 15, what is -1 + 7?
6
In base 16, what is -8d + 47?
-46
In base 3, what is -120 + 111211?
111021
In base 12, what is -21 + 5?
-18
In base 14, what is -8 + 1cb?
1c3
In base 11, what is -39a - -1?
-399
In base 7, what is 5 - 22466?
-22461
In base 9, what is 578 - 5?
573
In base 6, what is 5 + -3433?
-3424
In base 14, what is 3 + -aa?
-a7
In base 6, what is 354 - 12?
342
In base 5, what is 3440 - -2?
3442
In base 15, what is -5 + -209?
-20e
In base 15, what is -4 - 712?
-716
In base 15, what is -1 + -11b?
-11c
In base 3, what is -112010021 - -1?
-112010020
In base 9, what is -3747 + -2?
-3750
In base 4, what is 2000 - 112?
1222
In base 8, what is 27 + -152?
-123
In base 9, what is -2 + 750?
747
In base 16, what is -10fd + -3?
-1100
In base 9, what is -1 + -812?
-813
In base 13, what is 8 - -11?
19
In base 11, what is -2 - 139?
-140
In base 9, what is 7 + -851?
-843
In base 2, what is -1000110 + -1100?
-1010010
In base 13, what is -14 + -7?
-1b
In base 2, what is -11 - 11111100?
-11111111
In base 11, what is 16 - 2?
14
In base 6, what is 2 - 35203?
-35201
In base 4, what is -23 - -20113?
20030
In base 6, what is 10 + 4?
14
In base 2, what is -100 + -1111110111?
-1111111011
In base 8, what is 3 + -347?
-344
In base 16, what is -3 - 14?
-17
In base 10, what is -3 + 8?
5
In base 4, what is -2 - 2312?
-2320
In base 5, what is 13300 - 3?
13242
In base 16, what is 5 + -37?
-32
In base 6, what is 4 - 255?
-251
In base 12, what is 81b - 16?
805
In base 5, what is -123 + -2142?
-2320
In base 15, what is -c1 - -5?
-bb
In base 12, what is 282 + -2?
280
In base 11, what is -1 + 32?
31
In base 2, what is -1011 - -1?
-1010
In base 10, what is 10 + 5?
15
In base 2, what is -101 + -10000110?
-10001011
In base 10, what is -18 - 329?
-347
In base 13, what is -5 - 39?
-41
In base 11, what is 6 - 134?
-129
In base 11, what is -1 - 330?
-331
In base 8, what is -2745 + -3?
-2750
In base 4, what is 102 + -213?
-111
In base 8, what is -1 + -77?
-100
In base 12, what is 550b + 4?
5513
In base 8, what is 1 + 157?
160
In base 4, what is 20 + -111233?
-111213
In base 9, what is -778 + -10?
-788
In base 11, what is -7 - -96?
8a
In base 6, what is 343 + 1?
344
In base 3, what is -20121 + 11?
-20110
In base 14, what is -70 + 2?
-6c
In base 5, what is -113410 - 4?
-113414
In base 6, what is 245 - 3?
242
In base 7, what is -551 + -5?
-556
In base 10, what is -3 + -140?
-143
In base 8, what is 2 + -124?
-122
In base 9, what is 1343 + 0?
1343
In base 3, what is 1101011 - 12?
1100222
In base 8, what is 214 + -411?
-175
In base 15, what is 63 + 55?
b8
In base 6, what is -12 - 354?
-410
In base 3, what is 12 + 12121?
12210
In base 13, what is -2a - -658?
62b
In base 12, what is 212 - -8?
21a
In base 15, what is -4 - 776?
-77a
In base 6, what is -14130 - -5?
-14121
In base 6, what is 0 - -153?
153
In base 14, what is -78 + -3?
-7b
In base 5, what is 24 + 2030?
2104
In base 16, what is -5 + b5?
b0
In base 8, what is -6 - 27?
-35
In base 9, what is 208 + 4?
213
In base 15, what is -434 + -2?
-436
In base 16, what is 435 - -5?
43a
In base 15, what is 3 - -e35?
e38
In base 13, what is 32 - b9?
-87
In base 8, what is 3 - 0?
3
In base 14, what is 1161 + -1?
1160
In base 4, what is 1322 - 0?
1322
In base 14, what is 5 + -85c?
-857
In base 6, what is -11 + 20?
5
In base 8, what is 12114 + 3?
12117
In base 9, what is -84 + 13?
-71
In base 8, what is 141 - -1?
142
In base 9, what is -1 + -325?
-326
In base 5, what is 1 - -43?
44
In base 16, what is -6 - -47?
41
In base 16, what is 109c - 5?
1097
In base 6, what is -145 + -11?
-200
In base 11, what is 24 - 6?
19
In base 5, what is -1011 + -11?
-1022
In base 8, what is 4 + 45?
51
In base 16, what is 673 + 5?
678
In base 16, what is -16a3 - -5?
-169e
In base 6, what is -433 + -2?
-435
In base 11, what is 29 - -37?
65
In base 7, what is -120 - 60?
-210
In base 3, what is 20 + -212102?
-212012
In base 6, what is 23014 + 0?
23014
In base 11, what is 984 + 3?
987
In base 15, what is 39 - -2?
3b
In base 2, what is -1111 - 1001011?
-1011010
In base 4, what is -32 + 10?
-22
In base 10, what is 35 - -5?
40
In base 8, what is 4 - 1317?
-1313
In base 6, what is 435 - 31?
404
In base 12, what is -14a - 1?
-14b
In base 2, what is 111101011 + 100?
111101111
In base 11, what is -1170 - 8?
-1178
In base 16, what is b9 - 4?
b5
In base 6, what is 1214 - 5?
1205
In base 16, what is 262 - 1?
261
In base 13, what is 108 - 66?
72
In base 7, what is -3523 - -4?
-3516
In base 5, what is -33 + -3?
-41
In base 10, what is 6 + 4897?
4903
In base 10, what is 1 + 16?
17
In base 11, what is 0 + -a9?
-a9
In base 12, what is 1 + -237?
-236
In base 4, what is 20 + -123?
-103
In base 14, what is 4 - -18?
1c
In base 5, what is -103 + 1231?
1123
In base 4, what is -1 + -3010?
-3011
In base 5, what is 0 + -31?
-31
In base 4, what is -101200 - 0?
-101200
In base 2, what is -101 + 1101111?
1101010
In base 11, what is 2 + -1308?
-1306
In base 12, what is -3 + -2bb?
-302
In base 13, what is -2 - 38?
-3a
In base 16, what is 80 + -5?
7b
In base 7, what is 4 + 3?
10
In base 5, what is -103 + -1?
-104
In base 6, what is -34153 + -5?
-34202
In base 8, what is 35 + -27?
6
In base 10, what is -24 + 26?
2
In base 15, what is -82 - 7?
-89
In base 15, what is -3 - 1cbe?
-1cc2
In base 2, what is 1011001 - 11100?
111101
In base 16, what is -22 - 5?
-27
In base 10, what is 332 - -2?
334
In base 7, what is -253 + -1?
-254
In base 5, what is -2240 + 33?
-2202
In base 4, what is 10201 - 23?
10112
In base 14, what is -4 - -78?
74
In base 11, what is 0 - a25?
-a25
In base 15, what is 4 - -213?
217
In base 16, what is -f7 - -39?
-be
In base 5, what is -313 - 230?
-1043
In base 13, what is -6 + -1b?
-24
In base 4, what is 3 - -212?
221
In base 15, what is -74 + 21?
-53
In base 10, what is -2 + 6?
4
In base 13, what is 11 + -b9?
-a8
In base 14, what is -212a - 5?
-2131
In base 2, what is -1010000 - -1011?
-1000101
In base 7, what is 3 - -461?
464
In base 8, what is -4 - 1222?
-1226
In base 15, what is -10 + 4?
-b
In base 4, what is 11 - -100100?
100111
In base 10, what is -1 + 127?
126
In base 3, what is -1200021122 + 10?
-1200021112
In base 13, what is 5 - 2c5?
-2c0
In base 8, what is -15 + 16?
1
In base 10, what is -1063 + 1?
-1062
In base 6, what is -1 + 3342?
3341
In base 16, what is -1 - e9?
-ea
In base 15, what is -1bb9 - 3?
-1bbc
In base 14, what is -29 + 3c?
13
In base 16, what is -17de + 1?
-17dd
In base 2, what is -1110000 + -100?
-1110100
In base 4, what is 2303 + 11?
2320
In base 14, what is 0 - -